{"id":139,"date":"2025-09-08T21:41:36","date_gmt":"2025-09-08T21:41:36","guid":{"rendered":"https:\/\/lateteraerrante.com\/?page_id=139"},"modified":"2025-09-09T21:11:02","modified_gmt":"2025-09-09T21:11:02","slug":"terminos-y-condiciones-de-compra-en-la-tienda","status":"publish","type":"page","link":"https:\/\/lateteraerrante.com\/index.php\/terminos-y-condiciones-de-compra-en-la-tienda\/","title":{"rendered":"T\u00e9rminos y condiciones de compra en la tienda"},"content":{"rendered":"\n<h1 class=\"wp-block-heading has-text-align-center\"><strong><span style=\"text-decoration: underline;\">T\u00c9RMINOS Y CONDICIONES DE COMPRA EN LA TIENDA<\/span><\/strong><\/h1>\n\n\n\n<h2 class=\"wp-block-heading\"><strong>1.FINALIDAD Y AMBITO DE APLICACI\u00d3N<\/strong><\/h2>\n\n\n\n<p>Las presentes estipulaciones tienen como finalidad regular el uso de los servicios de venta electr\u00f3nica de los diferentes bienes y servicios ofertados por&nbsp;<strong>Elena,&nbsp;<\/strong>persona f\u00edsica que opera a trav\u00e9s de Internet desde su p\u00e1gina web, www.lateteraerrante.com, vendiendo a sus clientes productos y servicios relacionados con la venta de papeler\u00eda y merchandising. Las cl\u00e1usulas que componen estas Condiciones Generales vinculan a ambas partes y forman parte \u00edntegra e inseparable del contrato de compra-venta cuya eficacia opera en el momento de la suscripci\u00f3n del pedido a instancia del cliente, a trav\u00e9s de los mecanismos de contrataci\u00f3n que posteriormente se especificar\u00e1n, todo ello de conformidad a lo previsto en el art. 1.255 del C\u00f3digo Civil que recoge el principio de la autonom\u00eda de la voluntad y pactos entre las partes contratantes.<\/p>\n\n\n\n<p>Para garantizar en su integridad los derechos de los consumidores y usuarios del servicio de compras en la web,<strong>&nbsp;<\/strong>las presentes Condiciones Generales se establecen de conformidad a lo previsto en la Ley 26\/84 de 19 de Junio General para la Defensa de Consumidores y Usuarios, Ley 7\/98 de 13 de Abril de Condiciones Generales de la Contrataci\u00f3n, Ley 7\/96 de 15 de Enero de Ordenaci\u00f3n del Mercado Minorista, C\u00f3digo Civil, Directiva 2000\/31 CE del Parlamento Europeo y del Consejo de 8 de Junio, Ley 34\/2002, de 11 de Julio de servicios de la sociedad de la informaci\u00f3n y de comercio electr\u00f3nico y normativa que las desarrollan.<\/p>\n\n\n\n<h3 class=\"wp-block-heading\">OBJETO<\/h3>\n\n\n\n<p>Las presentes Condiciones Generales regulan la prestaci\u00f3n de los servicios de ventas, contrataci\u00f3n de productos y servicios ofertados por&nbsp;<strong>Elena<\/strong>&nbsp;y de la publicidad dirigida a sus clientes\/usuarios todo ello trav\u00e9s de su p\u00e1gina web, as\u00ed como los derechos y obligaciones de las partes derivados de las operaciones de compraventa concertadas entre los mismos.<\/p>\n\n\n\n<h2 class=\"wp-block-heading\"><strong>2.PROPIEDAD INTELECTUAL<\/strong><\/h2>\n\n\n\n<p>Los derechos relativos a la propiedad intelectual (a t\u00edtulo enunciativo y no limitativo las marcas, logotipos, textos, fotograf\u00edas, iconos, im\u00e1genes, etc, as\u00ed como el dise\u00f1o gr\u00e1fico y dem\u00e1s elementos contenidos en la p\u00e1gina https:\/\/www.lateteraerrante.com, son propiedad de&nbsp;<strong>Elena<\/strong>. Por tanto est\u00e1n sujetos a derechos de propiedad intelectual protegidos por la legislaci\u00f3n espa\u00f1ola e internacional.<\/p>\n\n\n\n<p>Sin la previa autorizaci\u00f3n escrita de forma fehaciente de&nbsp;<strong>Elena,<\/strong>&nbsp;no est\u00e1 permitido utilizar, reproducir, transmitir, manipular, as\u00ed como cualquier uso que exceda de una utilizaci\u00f3n normal y necesaria para la visita de la p\u00e1gina y el uso de los servicios ofrecidos.<\/p>\n\n\n\n<p>El acceso a los servicios suministrados no supone por parte de&nbsp;<strong>Elena<\/strong>&nbsp;renuncia, transmisi\u00f3n ni cesi\u00f3n total o parcial de los derechos derivados de la propiedad intelectual, ni atribuye derechos de utilizaci\u00f3n, alteraci\u00f3n, explotaci\u00f3n, reproducci\u00f3n, distribuci\u00f3n o comunicaci\u00f3n p\u00fablica sobre estos contenidos sin la previa y expresa autorizaci\u00f3n por escrito de los respectivos titulares de dichos derechos, sin perjuicio del derecho de visualizaci\u00f3n y obtenci\u00f3n de copia privada de seguridad de tales contenidos, siempre que dicho derecho se ejercite seg\u00fan los principios de buena fe y siempre que se mantenga inalterada la propiedad intelectual del titular de tales derechos, se utilice sin fines comerciales y exclusivamente para informaci\u00f3n personal del usuario.<\/p>\n\n\n\n<p>La responsabilidad derivada del uso de materiales protegidos por los derechos de propiedad intelectual e industrial contenidos en esta p\u00e1gina corresponder\u00e1 exclusivamente al usuario.<\/p>\n\n\n\n<h2 class=\"wp-block-heading\"><strong>3.PROCESO DE OFERTA Y ACEPTACION, CONDICIONES DE COMPRA -VENTA Y ENTREGA DEL PRODUCTO<\/strong><\/h2>\n\n\n\n<p>Pol\u00edtica de precios:&nbsp;<strong>Elena<\/strong>&nbsp;se reserva en cada momento y unilateralmente la modificaci\u00f3n del precio de los productos y servicios ofertados a trav\u00e9s de su Web. Los precios publicados tanto de materiales como de gastos de env\u00edo, incluyen el Impuesto sobre el Valor A\u00f1adido (IVA). En la factura final, vienen indicados y desglosados los importes correspondientes a materiales, gastos de env\u00edo e impuestos, as\u00ed como el total de toda la compra.<\/p>\n\n\n\n<p>Los pedidos se env\u00edan siempre a portes pagados.<\/p>\n\n\n\n<h2 class=\"wp-block-heading\"><strong>4.INFORMACI\u00d3N DE LOS PRODUCTOS<\/strong><\/h2>\n\n\n\n<p>Las fotograf\u00edas que ilustran los productos, no entran en el campo contractual y no podr\u00e1n dar lugar a ning\u00fan tipo de compromiso por parte de&nbsp;<strong>Elena.<\/strong><\/p>\n\n\n\n<p>Los posibles descuentos o regalos promocionales ser\u00e1n libremente dispuestos por&nbsp;<strong>Elena<\/strong> a los colectivos designados en cada momento por&nbsp;<strong>Elena<\/strong>, o en raz\u00f3n al producto ofertado, seg\u00fan la publicidad obrante en cada momento en su p\u00e1gina Web. En todo caso, los productos ofertados con descuento espec\u00edfico deber\u00e1n indicar el plazo de duraci\u00f3n de la oferta y el precio.<\/p>\n\n\n\n<p>En el momento de formalizaci\u00f3n del pedido una vez utilizada la opci\u00f3n del men\u00fa de aceptaci\u00f3n del pedido se entiende prestado el consentimiento del cliente y la validez y eficacia del contrato de compra que obliga a las partes.<\/p>\n\n\n\n<p>Compra salvo buen fin: El compromiso adquirido por&nbsp;<strong>Elena<\/strong>&nbsp;de venta y despacho de la mercanc\u00eda ofertada queda supeditada al stock del producto anunciado y disponibilidad hasta fin de existencias, por lo que&nbsp;<strong>Elena<\/strong>&nbsp;en su compromiso de calidad y servicio al cliente intenta en todo momento que los productos publicitados est\u00e9n disponibles. Sin embargo de concurrir circunstancias excepcionales de multipedido interactivo o aquellas otras que provoquen el fin de existencias del producto, el pedido y contrato suscrito entre las partes quedar\u00e1 sin efecto en virtud de la presente cl\u00e1usula resolutoria, restituyendo \u00edntegramente al cliente en caso de prepago las cantidades pagadas por el mismo, sin que proceda a favor de ninguna de las partes indemnizaci\u00f3n alguna en concepto de incumplimiento de contrato, da\u00f1o emergente o lucro cesante.<\/p>\n\n\n\n<h3 class=\"wp-block-heading\">Formas de pago:<\/h3>\n\n\n\n<p>\u2013<strong>Forma de pago por el cliente<\/strong>: Para garantizar con completa seguridad para el consumidor el pago de la mercanc\u00eda adquirida se establecen los siguientes sistemas de pago:<\/p>\n\n\n\n<ul class=\"wp-block-list\">\n<li><strong>I\u00ba.-Transferencia bancaria<\/strong>: Mediante el ingreso o transferencia a favor de la(s) cuenta(s) bancaria(s) de titularidad de&nbsp;<strong>Elena<\/strong>&nbsp;publicada en su Web.<\/li>\n\n\n\n<li><strong>II\u00ba.-Bizum: <\/strong>Mediante la realizaci\u00f3n de un Bizum al tel\u00e9fono de titularidad de&nbsp;<strong>Elena<\/strong>&nbsp;publicado en su Web.<\/li>\n<\/ul>\n\n\n\n<h3 class=\"wp-block-heading\">Transporte y gastos de env\u00edo:<\/h3>\n\n\n\n<p>\u2013<strong>Transportista<\/strong>: Enviamos a toda la pen\u00ednsula incluyendo Islas Baleares. Para env\u00edos a Canarias, Ceuta y Melilla puedes consultarnos para elaborar un presupuesto.<br>Los env\u00edos a la pen\u00ednsula se realizan de lunes a viernes mediante la empresa de paqueter\u00eda CORREOS, Certificados y tienen un plazo de entrega de unos 3 d\u00edas (laborables) a contar desde su salida de nuestro almac\u00e9n. El tiempo de preparaci\u00f3n de los paquetes es de aproximadamente un d\u00eda.<\/p>\n\n\n\n<p>\u2013<strong>Gastos de env\u00edo<\/strong>: La tarifa para los env\u00edos se calcula autom\u00e1ticamente en base al peso del paquete a enviar.<\/p>\n\n\n\n<h3 class=\"wp-block-heading\">Plazos de entrega del producto:<\/h3>\n\n\n\n<p>\u2013<strong>Plazo de entrega del producto adquirido<\/strong>: Los plazos previstos para la entrega del material son meramente informativos, no siendo vinculantes para&nbsp;<strong>Elena.<\/strong>&nbsp;Para el supuesto de retraso en la entrega superior a 20 d\u00edas sobre el plazo aproximado de recepci\u00f3n y siempre y cuando este retraso sea imputable a&nbsp;<strong>Elena<\/strong>, previa reclamaci\u00f3n escrita del cliente, \u00e9ste podr\u00e1 desistir unilateralmente del pedido, restituy\u00e9ndole en caso de prepago las cantidades abonadas, y acordando las partes que no procede reclamaci\u00f3n alguna por da\u00f1os y perjuicios, presentes o futuros, directos o indirectos, ni bajo las modalidades de da\u00f1o emergente o lucro cesante. Los citados plazos s\u00f3lo ser\u00e1n de aplicaci\u00f3n para Pen\u00ednsula y Baleares.<\/p>\n\n\n\n<p>\u2013&nbsp;<strong>Lugar y forma de la entrega<\/strong>: El pedido ser\u00e1 entregado en el domicilio designado en el momento de la contrataci\u00f3n por el cliente. La mercanc\u00eda se entregar\u00e1 al cliente por la empresa de transportes, junto con albar\u00e1n en el que se consignar\u00e1n los datos que permitan identificar al cliente el pedido y el paquete. En el caso de verificar el cliente errores en la mercanc\u00eda recibida o que \u00e9sta se encuentre visualmente da\u00f1ada, deber\u00e1 hacer constar estas circunstancias en el mismo momento de la entrega, haciendo constar sus reservas en el albar\u00e1n de entrega del transportista. El destinatario deber\u00e1 apuntar en el albar\u00e1n \u00abrecibido con da\u00f1os\u00bb, avisar de estas circunstancias a&nbsp;<strong>Elena&nbsp;<\/strong>a trav\u00e9s del formulario de Contacto publicado en la p\u00e1gina web en el plazo de 24 horas y conservar la mercanc\u00eda con el embalaje intacto para posible peritaje.<\/p>\n\n\n\n<h2 class=\"wp-block-heading\"><strong>5.DERECHOS DEL CLIENTE<\/strong><\/h2>\n\n\n\n<p>Confidencialidad y seguridad de los datos personales del cliente de conformidad a lo establecido en la legislaci\u00f3n vigente espa\u00f1ola sobre protecci\u00f3n de datos.<\/p>\n\n\n\n<p>\u2013 No difusi\u00f3n, transmisi\u00f3n o publicaci\u00f3n de los datos de los clientes sin su expreso consentimiento.<\/p>\n\n\n\n<p>\u2013 No recibir correos electr\u00f3nicos promocionales ni publicitarios salvo expreso consentimiento del cliente.<\/p>\n\n\n\n<p>\u2013 Consultar, modificar, borrar los datos personales del cliente que obren en la base de datos de&nbsp;<strong>Elena<\/strong>&nbsp;a petici\u00f3n del cliente.<\/p>\n\n\n\n<p>\u2013 Acceder gratuitamente a las secciones abiertas de las p\u00e1ginas web de&nbsp;<strong>Elena.<\/strong><\/p>\n\n\n\n<p>\u2013 Conocer en cada momento el estado de tramitaci\u00f3n del pedido efectuado.<\/p>\n\n\n\n<h3 class=\"wp-block-heading\">Desistimiento, devoluciones y cambios:<\/h3>\n\n\n\n<p>\u2013&nbsp;<strong>DESISTIMIENTO<\/strong>: El comprador tiene el derecho de desistir libremente del contrato celebrado, resolvi\u00e9ndolo de forma unilateral, de conformidad con lo dispuesto en el art\u00edculo 44 de la Ley 7\/1996 de 15 de enero de ordenaci\u00f3n del comercio minorista, modificada por la Ley 3\/2014, de 27 de marzo de 2014.<\/p>\n\n\n\n<p>No ser\u00e1 de aplicaci\u00f3n este derecho de desistimiento, entre otros, en los contratos de suministro de:<\/p>\n\n\n\n<p>1\u00ba.- Bienes confeccionados conforme a las especificaciones del consumidor o claramente personalizados, o que, por su naturaleza no puedan ser devueltos o puedan deteriorarse o caducar con rapidez.<\/p>\n\n\n\n<p><strong>Plazo:<\/strong>&nbsp;Para desistir del contrato el comprador dispondr\u00e1 de un plazo de catorce d\u00edas h\u00e1biles, contados desde el d\u00eda de la recepci\u00f3n del pedido. Ser\u00e1 la ley del lugar donde se ha entregado el bien la que determine que d\u00edas han de tenerse por h\u00e1biles.<\/p>\n\n\n\n<p><strong>Forma:<\/strong>&nbsp;El ejercicio del derecho de desistimiento no est\u00e1 sujeto a formalidad alguna, pudiendo realizarse sin necesidad de mencionar las causas, y bastando con que se notifique a&nbsp;<strong>Elena<\/strong>, acredit\u00e1ndolo en cualquier forma.<\/p>\n\n\n\n<p><strong>Gastos<\/strong>: Los gastos ocasionados por la devoluci\u00f3n del producto ser\u00e1n de cuenta del comprador, debiendo \u00e9ste satisfacer asimismo, las indemnizaciones que correspondan por los desperfectos que se hubieren producido en los productos adquiridos.<\/p>\n\n\n\n<p><strong>Elena<\/strong>&nbsp;se reserva el derecho de examinar los productos antes de proceder a la devoluci\u00f3n del precio percibido con la finalidad de poder comprobar:<\/p>\n\n\n\n<p>a) que son los mismos que se vendieron;<br>b) que no han sido previamente manipulados por el cliente;<br>c) que est\u00e1n en su embalaje original;<br>d) que se devuelven completos, con todos sus elementos principales y accesorios.<\/p>\n\n\n\n<p>En caso de cumplimiento de tales requisitos,&nbsp;<strong>Elena<\/strong>&nbsp;proceder\u00e1 a la devoluci\u00f3n del precio. En caso de que proceda la devoluci\u00f3n, el vendedor se obliga a devolver las sumas abonadas por el comprador sin retenci\u00f3n alguna (salvo gastos de env\u00edo y manipulaci\u00f3n) lo antes posible, y en un plazo m\u00e1ximo de treinta d\u00edas desde el desistimiento o la devoluci\u00f3n.<\/p>\n\n\n\n<h2 class=\"wp-block-heading\"><strong>6.OBLIGACIONES DEL USUARIO\/CLIENTE<\/strong><\/h2>\n\n\n\n<p>Conservar sus claves personales con la debida diligencia.<\/p>\n\n\n\n<p>\u2013 Utilizar la informaci\u00f3n publicada por&nbsp;<strong>Elena<\/strong>&nbsp;exclusivamente por el cliente estrictamente dentro de la relaci\u00f3n comercial personal pretendida.<\/p>\n\n\n\n<p>\u2013 No reproducir, enajenar o disponer de la informaci\u00f3n publicada por&nbsp;<strong>Elena<\/strong>&nbsp;en todos sus contenidos sin permiso expreso de \u00e9sta.<\/p>\n\n\n\n<p>\u2013 Utilizar fielmente el servicio de compras facilitado por&nbsp;<strong>Elena<\/strong>&nbsp;en su p\u00e1gina web, absteni\u00e9ndose de manipular los contenidos de su p\u00e1gina web, o interferir en sus medios inform\u00e1ticos a trav\u00e9s de virus u otras conductas prohibidas en Derecho.<\/p>\n\n\n\n<p>\u2013 Respetar las Condiciones de compra una vez aceptado el pedido, con el oportuno pago del precio concertado o la paga y se\u00f1al para las reservas. No respetar una orden de compra puede acarrear la suspensi\u00f3n de la cuenta de cliente con la cancelaci\u00f3n de los pedidos pendientes (si los hubiese).<\/p>\n\n\n\n<h2 class=\"wp-block-heading\"><strong>7.DERECHOS DE ELENA<\/strong><\/h2>\n\n\n\n<p>Conservar, modificar, suspender su web sin previo aviso.<\/p>\n\n\n\n<p>-Modificar, total o parcialmente, las presentes condiciones generales, siendo de aplicaci\u00f3n las nuevas que la&nbsp;<strong>Elena<\/strong>&nbsp;acuerde desde el momento de su inserci\u00f3n en la p\u00e1gina. En cualquier caso, las citadas modificaciones no tendr\u00e1n efectos retroactivos sobre los productos y servicios ya previamente contratados por los clientes\/usuarios.<\/p>\n\n\n\n<p>-Modificar el precio de las ofertas, sistema de compra previa publicidad.<\/p>\n\n\n\n<p>-Rechazar pedido por falta de existencias o impago del cliente.<\/p>\n\n\n\n<p>-A percibir el importe de las compras del cliente aceptada la transacci\u00f3n.<\/p>\n\n\n\n<h2 class=\"wp-block-heading\"><strong>8.EXONERACI\u00d3N DE RESPONSABILIDAD.<\/strong><\/h2>\n\n\n\n<p><strong>Elena<\/strong>&nbsp;no responder\u00e1 por las interrupciones que se produzcan en los servicios el\u00e9ctricos o de telecomunicaciones que impidan a los clientes\/usuarios utilizar los servicios ofrecidos.<\/p>\n\n\n\n<h2 class=\"wp-block-heading\"><strong>9.LENGUAS EN QUE PUEDE FORMALIZARSE EL CONTRATO<\/strong><\/h2>\n\n\n\n<p>El contrato \u00fanicamente podr\u00e1 ser formalizado en castellano.<\/p>\n\n\n\n<h2 class=\"wp-block-heading\"><strong>10.LEGISLACI\u00d3N APLICABLE Y COMPETENCIA JURISDICCIONAL<\/strong><\/h2>\n\n\n\n<p>Las presentes Condiciones Generales se rigen por la ley espa\u00f1ola. Para cualquier divergencia surgida del presente contrato, ambas partes se someten expresamente, y con renuncia expresa a su fuero propio, a los juzgados y Tribunales de Soria o sus superiores jer\u00e1rquicos.<\/p>\n","protected":false},"excerpt":{"rendered":"<p>T\u00c9RMINOS Y CONDICIONES DE COMPRA EN LA TIENDA 1.FINALIDAD Y AMBITO DE APLICACI\u00d3N Las presentes estipulaciones tienen como finalidad regular el uso de los servicios de venta electr\u00f3nica de los diferentes bienes y servicios ofertados por&nbsp;Elena,&nbsp;persona f\u00edsica que opera a trav\u00e9s de Internet desde su p\u00e1gina web, www.lateteraerrante.com, vendiendo a sus clientes productos y servicios&#8230;<\/p>\n","protected":false},"author":1,"featured_media":0,"parent":0,"menu_order":0,"comment_status":"closed","ping_status":"closed","template":"","meta":{"_kad_post_transparent":"","_kad_post_title":"","_kad_post_layout":"","_kad_post_sidebar_id":"","_kad_post_content_style":"","_kad_post_vertical_padding":"","_kad_post_feature":"","_kad_post_feature_position":"","_kad_post_header":false,"_kad_post_footer":false,"_kad_post_classname":"","footnotes":""},"class_list":["post-139","page","type-page","status-publish","hentry"],"yoast_head":"<!-- This site is optimized with the Yoast SEO plugin v26.7 - https:\/\/yoast.com\/wordpress\/plugins\/seo\/ -->\n<title>T\u00e9rminos y condiciones de compra en la tienda - La tetera errante<\/title>\n<meta name=\"robots\" content=\"index, follow, max-snippet:-1, max-image-preview:large, max-video-preview:-1\" \/>\n<link rel=\"canonical\" href=\"https:\/\/lateteraerrante.com\/index.php\/terminos-y-condiciones-de-compra-en-la-tienda\/\" \/>\n<meta property=\"og:locale\" content=\"es_ES\" \/>\n<meta property=\"og:type\" content=\"article\" \/>\n<meta property=\"og:title\" content=\"T\u00e9rminos y condiciones de compra en la tienda - La tetera errante\" \/>\n<meta property=\"og:description\" content=\"T\u00c9RMINOS Y CONDICIONES DE COMPRA EN LA TIENDA 1.FINALIDAD Y AMBITO DE APLICACI\u00d3N Las presentes estipulaciones tienen como finalidad regular el uso de los servicios de venta electr\u00f3nica de los diferentes bienes y servicios ofertados por&nbsp;Elena,&nbsp;persona f\u00edsica que opera a trav\u00e9s de Internet desde su p\u00e1gina web, www.lateteraerrante.com, vendiendo a sus clientes productos y servicios...\" \/>\n<meta property=\"og:url\" content=\"https:\/\/lateteraerrante.com\/index.php\/terminos-y-condiciones-de-compra-en-la-tienda\/\" \/>\n<meta property=\"og:site_name\" content=\"La tetera errante\" \/>\n<meta property=\"article:modified_time\" content=\"2025-09-09T21:11:02+00:00\" \/>\n<meta name=\"twitter:card\" content=\"summary_large_image\" \/>\n<meta name=\"twitter:label1\" content=\"Tiempo de lectura\" \/>\n\t<meta name=\"twitter:data1\" content=\"10 minutos\" \/>\n<script type=\"application\/ld+json\" class=\"yoast-schema-graph\">{\"@context\":\"https:\/\/schema.org\",\"@graph\":[{\"@type\":\"WebPage\",\"@id\":\"https:\/\/lateteraerrante.com\/index.php\/terminos-y-condiciones-de-compra-en-la-tienda\/\",\"url\":\"https:\/\/lateteraerrante.com\/index.php\/terminos-y-condiciones-de-compra-en-la-tienda\/\",\"name\":\"T\u00e9rminos y condiciones de compra en la tienda - La tetera errante\",\"isPartOf\":{\"@id\":\"https:\/\/lateteraerrante.com\/#website\"},\"datePublished\":\"2025-09-08T21:41:36+00:00\",\"dateModified\":\"2025-09-09T21:11:02+00:00\",\"breadcrumb\":{\"@id\":\"https:\/\/lateteraerrante.com\/index.php\/terminos-y-condiciones-de-compra-en-la-tienda\/#breadcrumb\"},\"inLanguage\":\"es\",\"potentialAction\":[{\"@type\":\"ReadAction\",\"target\":[\"https:\/\/lateteraerrante.com\/index.php\/terminos-y-condiciones-de-compra-en-la-tienda\/\"]}]},{\"@type\":\"BreadcrumbList\",\"@id\":\"https:\/\/lateteraerrante.com\/index.php\/terminos-y-condiciones-de-compra-en-la-tienda\/#breadcrumb\",\"itemListElement\":[{\"@type\":\"ListItem\",\"position\":1,\"name\":\"Portada\",\"item\":\"https:\/\/lateteraerrante.com\/\"},{\"@type\":\"ListItem\",\"position\":2,\"name\":\"T\u00e9rminos y condiciones de compra en la tienda\"}]},{\"@type\":\"WebSite\",\"@id\":\"https:\/\/lateteraerrante.com\/#website\",\"url\":\"https:\/\/lateteraerrante.com\/\",\"name\":\"La tetera errante\",\"description\":\"\",\"publisher\":{\"@id\":\"https:\/\/lateteraerrante.com\/#\/schema\/person\/98e414cdd66883455a40c072c27971af\"},\"potentialAction\":[{\"@type\":\"SearchAction\",\"target\":{\"@type\":\"EntryPoint\",\"urlTemplate\":\"https:\/\/lateteraerrante.com\/?s={search_term_string}\"},\"query-input\":{\"@type\":\"PropertyValueSpecification\",\"valueRequired\":true,\"valueName\":\"search_term_string\"}}],\"inLanguage\":\"es\"},{\"@type\":[\"Person\",\"Organization\"],\"@id\":\"https:\/\/lateteraerrante.com\/#\/schema\/person\/98e414cdd66883455a40c072c27971af\",\"name\":\"admin\",\"image\":{\"@type\":\"ImageObject\",\"inLanguage\":\"es\",\"@id\":\"https:\/\/lateteraerrante.com\/#\/schema\/person\/image\/\",\"url\":\"https:\/\/lateteraerrante.com\/wp-content\/uploads\/2025\/09\/cropped-cropped-Diseno-sin-titulo-2-scaled-1.png\",\"contentUrl\":\"https:\/\/lateteraerrante.com\/wp-content\/uploads\/2025\/09\/cropped-cropped-Diseno-sin-titulo-2-scaled-1.png\",\"width\":1143,\"height\":950,\"caption\":\"admin\"},\"logo\":{\"@id\":\"https:\/\/lateteraerrante.com\/#\/schema\/person\/image\/\"},\"sameAs\":[\"http:\/\/lateteraerrante.com\"]}]}<\/script>\n<!-- \/ Yoast SEO plugin. -->","yoast_head_json":{"title":"T\u00e9rminos y condiciones de compra en la tienda - La tetera errante","robots":{"index":"index","follow":"follow","max-snippet":"max-snippet:-1","max-image-preview":"max-image-preview:large","max-video-preview":"max-video-preview:-1"},"canonical":"https:\/\/lateteraerrante.com\/index.php\/terminos-y-condiciones-de-compra-en-la-tienda\/","og_locale":"es_ES","og_type":"article","og_title":"T\u00e9rminos y condiciones de compra en la tienda - La tetera errante","og_description":"T\u00c9RMINOS Y CONDICIONES DE COMPRA EN LA TIENDA 1.FINALIDAD Y AMBITO DE APLICACI\u00d3N Las presentes estipulaciones tienen como finalidad regular el uso de los servicios de venta electr\u00f3nica de los diferentes bienes y servicios ofertados por&nbsp;Elena,&nbsp;persona f\u00edsica que opera a trav\u00e9s de Internet desde su p\u00e1gina web, www.lateteraerrante.com, vendiendo a sus clientes productos y servicios...","og_url":"https:\/\/lateteraerrante.com\/index.php\/terminos-y-condiciones-de-compra-en-la-tienda\/","og_site_name":"La tetera errante","article_modified_time":"2025-09-09T21:11:02+00:00","twitter_card":"summary_large_image","twitter_misc":{"Tiempo de lectura":"10 minutos"},"schema":{"@context":"https:\/\/schema.org","@graph":[{"@type":"WebPage","@id":"https:\/\/lateteraerrante.com\/index.php\/terminos-y-condiciones-de-compra-en-la-tienda\/","url":"https:\/\/lateteraerrante.com\/index.php\/terminos-y-condiciones-de-compra-en-la-tienda\/","name":"T\u00e9rminos y condiciones de compra en la tienda - La tetera errante","isPartOf":{"@id":"https:\/\/lateteraerrante.com\/#website"},"datePublished":"2025-09-08T21:41:36+00:00","dateModified":"2025-09-09T21:11:02+00:00","breadcrumb":{"@id":"https:\/\/lateteraerrante.com\/index.php\/terminos-y-condiciones-de-compra-en-la-tienda\/#breadcrumb"},"inLanguage":"es","potentialAction":[{"@type":"ReadAction","target":["https:\/\/lateteraerrante.com\/index.php\/terminos-y-condiciones-de-compra-en-la-tienda\/"]}]},{"@type":"BreadcrumbList","@id":"https:\/\/lateteraerrante.com\/index.php\/terminos-y-condiciones-de-compra-en-la-tienda\/#breadcrumb","itemListElement":[{"@type":"ListItem","position":1,"name":"Portada","item":"https:\/\/lateteraerrante.com\/"},{"@type":"ListItem","position":2,"name":"T\u00e9rminos y condiciones de compra en la tienda"}]},{"@type":"WebSite","@id":"https:\/\/lateteraerrante.com\/#website","url":"https:\/\/lateteraerrante.com\/","name":"La tetera errante","description":"","publisher":{"@id":"https:\/\/lateteraerrante.com\/#\/schema\/person\/98e414cdd66883455a40c072c27971af"},"potentialAction":[{"@type":"SearchAction","target":{"@type":"EntryPoint","urlTemplate":"https:\/\/lateteraerrante.com\/?s={search_term_string}"},"query-input":{"@type":"PropertyValueSpecification","valueRequired":true,"valueName":"search_term_string"}}],"inLanguage":"es"},{"@type":["Person","Organization"],"@id":"https:\/\/lateteraerrante.com\/#\/schema\/person\/98e414cdd66883455a40c072c27971af","name":"admin","image":{"@type":"ImageObject","inLanguage":"es","@id":"https:\/\/lateteraerrante.com\/#\/schema\/person\/image\/","url":"https:\/\/lateteraerrante.com\/wp-content\/uploads\/2025\/09\/cropped-cropped-Diseno-sin-titulo-2-scaled-1.png","contentUrl":"https:\/\/lateteraerrante.com\/wp-content\/uploads\/2025\/09\/cropped-cropped-Diseno-sin-titulo-2-scaled-1.png","width":1143,"height":950,"caption":"admin"},"logo":{"@id":"https:\/\/lateteraerrante.com\/#\/schema\/person\/image\/"},"sameAs":["http:\/\/lateteraerrante.com"]}]}},"_links":{"self":[{"href":"https:\/\/lateteraerrante.com\/index.php\/wp-json\/wp\/v2\/pages\/139","targetHints":{"allow":["GET"]}}],"collection":[{"href":"https:\/\/lateteraerrante.com\/index.php\/wp-json\/wp\/v2\/pages"}],"about":[{"href":"https:\/\/lateteraerrante.com\/index.php\/wp-json\/wp\/v2\/types\/page"}],"author":[{"embeddable":true,"href":"https:\/\/lateteraerrante.com\/index.php\/wp-json\/wp\/v2\/users\/1"}],"replies":[{"embeddable":true,"href":"https:\/\/lateteraerrante.com\/index.php\/wp-json\/wp\/v2\/comments?post=139"}],"version-history":[{"count":2,"href":"https:\/\/lateteraerrante.com\/index.php\/wp-json\/wp\/v2\/pages\/139\/revisions"}],"predecessor-version":[{"id":233,"href":"https:\/\/lateteraerrante.com\/index.php\/wp-json\/wp\/v2\/pages\/139\/revisions\/233"}],"wp:attachment":[{"href":"https:\/\/lateteraerrante.com\/index.php\/wp-json\/wp\/v2\/media?parent=139"}],"curies":[{"name":"wp","href":"https:\/\/api.w.org\/{rel}","templated":true}]}}